 786, -g = 2*s - 262. List the prime factors of g.
2, 131
Let s(w) = 59515*w**2 + 103*w + 105. What are the prime factors of s(-1)?
3, 17, 389
Let d be -921*(-92)/84 + 4/14. Suppose -2*s - 608 = -3*q - 0*s, -5*q - s = -d. Suppose 2*u + 300 = 3*m, 2*m = 3*u - u + q. What are the prime factors of m?
2, 7
Let a = -7 - -22. Let o be -2*((-1)/4 + 42/(-8)). Suppose -d + o = -a. What are the prime factors of d?
2, 13
Let g(y) = 11*y - 12. Let q(n) = 276*n - 306. Let f(j) = -153*g(j) + 6*q(j). Let w = -6 - -4. List the prime factors of f(w).
2, 3
Let s be 2 - ((-2)/(-6) - 2/(-3)). Let y(f) = -8 - s + 2 - 6*f + 3. List the prime factors of y(-10).
2, 7
Suppose 6*d = 376 + 548. Let z = 88 - d. Let f = 170 + z. What are the prime factors of f?
2, 13
Suppose -k + 3*k - 18 = 3*b, 0 = -4*k + 5*b + 32. Let d = -590 - -599. Suppose 0 = -4*s + h - 4 + 18, k*h = s - d. List the prime factors of s.
3
Suppose 0 = -5*o - 3*k + 204651 - 32061, 2*k + 34531 = o. List the prime factors of o.
3, 37, 311
Let l be 7*(17*(-4)/28 - -3). Let p be 3 + (-16)/l + 21. Let z(f) = 2*f**2 - 38*f - 26. What are the prime factors of z(p)?
2, 7
Let l(p) = 23*p**2 - 5*p - 149. What are the prime factors of l(-13)?
3803
Let y be -5*((-1)/5)/(2/(-10)). List the prime factors of 10/(-45) + y*2438/(-18).
677
Let f be 30/(-4)*4/(-3). Suppose f + 202 = 4*o. Let r = o + -36. What are the prime factors of r?
17
Let q = -54 + 62. Suppose -4*k = 20, -3*a + q*a + 2*k = 0. Suppose f - 651 = -3*g - a*g, 5*f + 125 = g. What are the prime factors of g?
2, 5, 13
Let x(d) = d**3 - 10*d**2 - 12*d + 13. Let a be x(11). Let v(k) = -122*k**2 - 3*k + a*k + 123*k**2 + 7. List the prime factors of v(-3).
19
What are the prime factors of ((-5474)/4)/((172/(-40))/43)?
5, 7, 17, 23
Let d(t) = t**3 - 8*t**2 + 12*t - 1. Let b be d(6). Let c be (-56 - -139) + 0 + -2 + b. Let i = 145 - c. What are the prime factors of i?
5, 13
List the prime factors of 20682/(-45)*10/(-3)*3.
2, 3, 383
Let n = 53 - 38. Let u be (0 - -9) + (1 - 8) + 6. Suppose -196 = u*z - n*z. What are the prime factors of z?
2, 7
Let g = 40 - 39. Let u(r) = g + 5 - r + 5*r + 3. What are the prime factors of u(0)?
3
Let g = 1002 - 508. Let z = -184 + g. List the prime factors of z.
2, 5, 31
What are the prime factors of 11363275/176 + ((-140)/192 - (-6)/9)?
2, 16141
Suppose -45 = 16*x - 237. Suppose 13*g - x*g - 44 = 0. List the prime factors of g.
2, 11
Suppose -49*j + 13783 = -540113. List the prime factors of j.
2, 3, 157
Let l(j) = -634*j + 1559. What are the prime factors of l(-36)?
37, 659
Let y(a) = 48*a**2 - 24*a + 1. Let n be y(5). Suppose -n = -7*v - 24. What are the prime factors of v?
151
Suppose 2*b = b + 352. Let v be (-357)/(-84) + 4/(-16). Suppose 3*g + 5*i - 43 = 223, -4*g = v*i - b. List the prime factors of g.
3, 29
Let n(q) = 10*q**2 + 9*q + 5. Let t be n(-5). Suppose 3*u = t + 1035. What are the prime factors of u?
5, 83
Let d = -409 + 593. Suppose -923 = -3*w - z, 3*z - 129 - d = -w. What are the prime factors of w?
307
Suppose -6*v = -8*v - 3*n - 377, -3*v - 608 = -4*n. Let c(r) = -20*r + 3. Let y be c(7). Let h = y - v. List the prime factors of h.
59
Suppose 3*b + 2*b + 2*a = 102320, 0 = -3*b + 5*a + 61361. List the prime factors of b.
2, 13, 787
Suppose 2*c = -d + 3*d + 20, -5*c + 44 = -2*d. Let j be (-6258)/(-56) - ((-6)/c)/3. Suppose j*t - 117*t + 530 = 0. List the prime factors of t.
2, 53
Suppose -12930 = -l + g, -2*g = 104*l - 109*l + 64641. What are the prime factors of l?
3, 31, 139
List the prime factors of (-153)/(-9) + (-777120)/(-32).
2, 29, 419
Suppose 2*q = 22 + 44. Suppose -22*h - q = -25*h. Let y(i) = 2*i**2 - 16*i - 3. What are the prime factors of y(h)?
3, 7
Suppose 37*i - 55*i + 748008 = 0. What are the prime factors of i?
2, 3, 3463
Let t be (216/28)/((-6)/(-126)). Let s be (2/6)/(27/t). List the prime factors of (-756)/(-6)*2/s.
2, 3, 7
Let c = 47 + -39. Suppose 90 = -6*m + c*m. Suppose 5*v + 5*i - m = 0, -2 = -v - v + 2*i. List the prime factors of v.
5
Let o be 2/(-6) + ((-770)/(-21))/11. Suppose -4*r + 5*r = -o*r. Suppose -6*n + 350 - 26 = r. What are the prime factors of n?
2, 3
Suppose 0 = -3*c - 3*r + 2004, 3*c - r = r + 2029. Let d = -480 + c. List the prime factors of d.
193
Suppose -10736 = 13*i - 38062. What are the prime factors of i?
2, 1051
List the prime factors of (-90)/(-20)*(5 - ((-34296)/9)/8).
2, 3, 19
Let v(i) = 109*i**2 + 75*i - 529. List the prime factors of v(9).
5, 359
Let p = -469 - -477. Suppose p*f - 806 = 298. List the prime factors of f.
2, 3, 23
Suppose 4*a = -3*x + 126, a + a - 54 = 3*x. Suppose -a*t + 46292 + 12388 = 0. What are the prime factors of t?
2, 3, 163
Let p(l) = -l**3 - 14*l**2 + 2*l + 32. Let v be p(-14). Let i(a) = 7*a**3 + 9*a**2 + 3*a + 3. What are the prime factors of i(v)?
607
Suppose 0 = 9*p - 174 + 48. Let f = -11 + p. Suppose 0 = -5*q - c + 447 + 93, 2*c + 324 = f*q. What are the prime factors of q?
2, 3
Suppose -30026 = -4*y + 4*m + 27650, 0 = 4*y - 5*m - 57678. List the prime factors of y.
13, 1109
Let q(n) = 101*n + 2312. What are the prime factors of q(44)?
2, 3, 563
Suppose -10*r + 914 = 4. Suppose 0 = 2*g + 51 + r. Let h = g + 192. List the prime factors of h.
11
Let y = 341 - 385. List the prime factors of (-15)/20 - 22781/y.
11, 47
Let g(v) = 22*v - 48*v + 63 + 21*v. Let c be g(13). What are the prime factors of c + -2 + 3 - -31*7?
2, 3
Suppose 8791 = 6*k + 589. What are the prime factors of k?
1367
Suppose -n = 5*s - 11, 2*s = s - 3*n + 5. Suppose -2*f - 10 = 0, 5*y + 319 + 36 = f. What are the prime factors of (75/(-30))/(s/y)?
2, 3, 5
Let k(h) = 9*h**2 + 36*h + 9. Suppose -3*j + 8 = 44. Let r(n) = -22*n**2 - 90*n - 22. Let w(t) = j*k(t) - 5*r(t). List the prime factors of w(-9).
2
Let g(k) = -k**2 - 16*k - 6. Let n be g(-11). Let s = n - 44. List the prime factors of 73/s - 8/(-20).
3, 5
Let b be (-3045)/(-3 + -2) + (1 - 3). Let s = b - 326. List the prime factors of s.
281
Let x be (-1 + (-3 - -4))*1. Suppose x = 3*d + y - 975, 12*d - 2*y + 325 = 13*d. What are the prime factors of d?
5, 13
Suppose -13*f + 8*f = -5*r + 75, -3*f - 21 = 5*r. Let j(b) be the third derivative of -b**4/12 - 5*b**3/6 - b**2. List the prime factors of j(f).
19
Suppose 30*g - 35442 + 6217 = 40975. What are the prime factors of g?
2, 3, 5, 13
Let g(i) = -233*i - 3. Let p(s) = -468*s - 6. Let h(j) = -9*g(j) + 4*p(j). What are the prime factors of h(2)?
3, 151
Let r(w) = -150*w**2 - 8 - 12 - w + 75*w**2 + 76*w**2. Suppose -5*d = 28 + 7. List the prime factors of r(d).
2, 3
Let u be (25/(-10))/((-6)/348). Suppose 142*y = u*y - 96. What are the prime factors of y?
2
Let l = 15902 - 13825. What are the prime factors of l?
31, 67
Suppose 0 = -8*v + 6*v. Suppose 8 = -r - 2*p - 2*p, v = 3*r - 5*p - 10. Suppose r = -6*b - 2*b + 1792. List the prime factors of b.
2, 7
Let h(o) = -12*o - 24. Let a = -59 + 13. Let b = 35 + a. List the prime factors of h(b).
2, 3
Suppose 2*v - 76 = -4*s, 3*s - 3*v - 46 = s. Suppose 3*m - m = -s. List the prime factors of ((-28)/(-10))/(m/(-50)).
2, 7
Suppose -33720 = -1469*a + 1459*a. What are the prime factors of a?
2, 3, 281
Suppose 46*i + 4*i - 27700 = 0. List the prime factors of i.
2, 277
Let j(b) = -b**3 + 3*b**2 + 2*b - 1. Let n be j(-1). What are the prime factors of -156*91/(-26) - n*4?
2, 271
Suppose 5*u = -5*z + 120, 3*u + 0*z + 4*z = 76. Let h be 10/40*36 - -11. What are the prime factors of h*9 - (u - 16)?
2, 11
Suppose 51*m + 933527 = -77*m + 2859543. List the prime factors of m.
41, 367
Suppose 7264 = 3*q + 4*p, -95*q - 2*p = -93*q - 4838. What are the prime factors of q?
2, 3, 67
Suppose -3*v + 4*o + 7544 = 0, -27*o + 20 = -31*o. What are the prime factors of v?
2, 3, 11, 19
Let v(p) = -255*p + 4239. What are the prime factors of v(-113)?
2, 3, 7, 787
Suppose 3*i = -t - t + 101857, -4*t = -4*i - 203744. What are the prime factors of t?
31, 53
Let i = 69 + -66. Suppose -i*j = 2*j + y - 1939, -2*j = 4*y - 790. Suppose -4*v - 2*p + j = -169, v - 130 = 4*p. List the prime factors of v.
2, 3, 23
Suppose 4*r = -4*b + 7*r + 15515, -5*r = 25. Suppose 184*n = 179*n + b. List the prime factors of n.
5, 31
Let v(o) = -7*o + 23. Let h be v(3). Suppose 0 = -0*g + 4*g + j - 909, h*j + 679 = 3*g. List the prime factors of g.
227
Suppose 40*